e units digit of 11118?
8
What is the hundreds digit of 11106?
1
What is the units digit of 1133?
3
What is the thousands digit of 1254?
1
What is the ten thousands digit of 11157?
1
What is the thousands digit of 2527?
2
What is the units digit of 5846?
6
What is the thousands digit of 157851?
7
What is the tens digit of 906?
0
What is the thousands digit of 7038?
7
What is the thousands digit of 1943?
1
What is the units digit of 825?
5
What is the ten thousands digit of 72986?
7
What is the hundreds digit of 374?
3
What is the tens digit of 3486?
8
What is the units digit of 49260?
0
What is the units digit of 811?
1
What is the tens digit of 4870?
7
What is the units digit of 1038?
8
What is the hundreds digit of 1713?
7
What is the hundreds digit of 1679?
6
What is the thousands digit of 1364?
1
What is the thousands digit of 8320?
8
What is the ten thousands digit of 13708?
1
What is the thousands digit of 44578?
4
What is the tens digit of 1079?
7
What is the thousands digit of 27197?
7
What is the hundreds digit of 997?
9
What is the hundreds digit of 370?
3
What is the hundreds digit of 4582?
5
What is the hundred thousands digit of 116841?
1
What is the hundreds digit of 8226?
2
What is the ten thousands digit of 37773?
3
What is the tens digit of 3538?
3
What is the tens digit of 4598?
9
What is the hundreds digit of 9317?
3
What is the tens digit of 3258?
5
What is the tens digit of 6976?
7
What is the thousands digit of 15072?
5
What is the thousands digit of 15683?
5
What is the tens digit of 98955?
5
What is the hundreds digit of 2091?
0
What is the thousands digit of 25219?
5
What is the ten thousands digit of 43052?
4
What is the tens digit of 968?
6
What is the units digit of 2746?
6
What is the units digit of 196?
6
What is the tens digit of 1408?
0
What is the units digit of 9243?
3
What is the units digit of 344?
4
What is the thousands digit of 65073?
5
What is the tens digit of 787?
8
What is the tens digit of 2765?
6
What is the thousands digit of 2090?
2
What is the tens digit of 328?
2
What is the thousands digit of 26353?
6
What is the ten thousands digit of 112711?
1
What is the hundreds digit of 4421?
4
What is the units digit of 4048?
8
What is the tens digit of 11201?
0
What is the thousands digit of 2000?
2
What is the tens digit of 3467?
6
What is the ten thousands digit of 163030?
6
What is the units digit of 16166?
6
What is the hundreds digit of 2331?
3
What is the thousands digit of 13422?
3
What is the thousands digit of 11710?
1
What is the tens digit of 1436?
3
What is the hundreds digit of 101?
1
What is the tens digit of 13322?
2
What is the ten thousands digit of 13574?
1
What is the tens digit of 3761?
6
What is the tens digit of 281?
8
What is the units digit of 477?
7
What is the thousands digit of 14472?
4
What is the tens digit of 984?
8
What is the tens digit of 33842?
4
What is the thousands digit of 1419?
1
What is the units digit of 1180?
0
What is the hundreds digit of 101?
1
What is the units digit of 273?
3
What is the ten thousands digit of 25097?
2
What is the hundreds digit of 1691?
6
What is the units digit of 2306?
6
What is the hundreds digit of 190?
1
What is the tens digit of 23386?
8
What is the units digit of 6224?
4
What is the thousands digit of 6713?
6
What is the tens digit of 30307?
0
What is the thousands digit of 21144?
1
What is the units digit of 901?
1
What is the tens digit of 1236?
3
What is the tens digit of 4983?
8
What is the units digit of 2245?
5
What is the ten thousands digit of 36380?
3
What is the hundreds digit of 420?
4
What is the units digit of 492?
2
What is the hundreds digit of 11826?
8
What is the units digit of 2705?
5
What is the hundreds digit of 1611?
6
What is the tens digit of 60404?
0
What is the hundreds digit of 3740?
7
What is the units digit of 681?
1
What is the hundreds digit of 11858?
8
What is the tens digit of 60541?
4
What is the thousands digit of 2380?
2
What is the units digit of 1619?
9
What is the units digit of 27649?
9
What is the tens digit of 37284?
8
What is the hundreds digit of 985?
9
What is the tens digit of 755?
5
What is the tens digit of 9592?
9
What is the units digit of 6629?
9
What is the units digit of 1065?
5
What is the units digit of 67345?
5
What is the tens digit of 13206?
0
What is the thousands digit of 9465?
9
What is the ten thousands digit of 60678?
6
What is the units digit of 24552?
2
What is the ten thousands digit of 12362?
1
What is the hundreds digit of 4463?
4
What is the hundreds digit of 38249?
2
What is the hundreds digit of 1978?
9
What is the units digit of 29405?
5
What is the tens digit of 18405?
0
What is the tens digit of 6715?
1
What is the thousands digit of 1082?
1
What is the tens digit of 4134?
3
What is the tens digit of 12923?
2
What is the tens digit of 14037?
3
What is the hundreds digit of 11546?
5
What is the thousands digit of 3776?
3
What is the units digit of 2310?
0
What is the hundreds digit of 53007?
0
What is the tens digit of 1488?
8
What is the thousands digit of 10181?
0
What is the units digit of 2393?
3
What is the thousands digit of 11193?
1
What is the units digit of 2248?
8
What is the thousands digit of 1691?
1
What is the ten thousands digit of 26650?
2
What is the ten thousands digit of 17091?
1
What is the tens digit of 43162?
6
What is the units digit of 714?
4
What is the thousands digit of 166062?
6
What is the units digit of 9545?
5
What is the tens digit of 761?
6
What is the units digit of 13583?
3
What is the hundreds digit of 3802?
8
What is the ten thousands digit of 18269?
1
What is the ten thousands digit of 20672?
2
What is the tens digit of 1800?
0
What is the units digit of 1318?
8
What is the thousands digit of 10084?
0
What is the thousands digit of 33527?
3
What is the tens digit of 1072?
7
What is the tens digit of 14678?
7
What is the tens digit of 39002?
0
What is the units digit of 946?
6
What is the units digit of 2250?
0
What is the units digit of 24137?
7
What is the hundreds digit of 546?
5
What is the tens digit of 8166?
6
What is the hundreds digit of 2691?
6
What is the thousands digit of 1431?
1
What is the units digit of 41386?
6
What is the tens digit of 8020?
2
What is the units digit of 1236?
6
What is the tens digit of 16555?
5
What is the tens digit of 78?
7
What is the units digit of 11858?
8
What is the tens digit of 13937?
3
What is the tens digit of 28719?
1
What is the tens digit of 17893?
9
What is the units digit of 623?
3
What is the thousands digit of 106759?
6
What is the thousands digit of 6538?
6
What is the tens digit of 383?
8
What is the thousands digit of 21151?
1
What is the thousands digit of 5070?
5
What is the units digit of 2722?
2
What is the units digit of 345?
5
What is the hundreds digit of 73751?
7
What is the hundreds digit of 1244?
2
What is the hundreds digit of 9914?
9
What is the tens digit of 2310?
1
What is the thousands digit of 18797?
8
What is the tens digit of 5195?
9
What is the hundreds digit of 152?
1
What is the tens digit of 14547?
4
What is the thousands digit of 19386?
9
What is the hundreds digit of 2099?
0
What is the tens digit of 3148?
4
What is the tens digit of 9976?
7
What is the tens digit of 40158?
5
What is the hundreds digit of 2032?
0
What is the units digit of 6897?
7
What is the tens digit of 21181?
8
What is the units digit of 80464?
4
What is the units digit of 35376?
6
What is the units digit of 9825?
5
What is the thousands digit of 3255?
3
What is the hundreds digit of 1377?
3
What is the units digit of 47790?
0
What is the hundreds digit of 2226?
2
What is the thousands digit of 2654?
2
What is the thousands digit of 82775?
2
What is the tens digit of 650?
5
What is the hundreds digit of 125293?
2
What is the hundreds digit of 6676?
6
What is the units digit of 4963?
3
What is the tens digit of 13182?
8
What is the tens digit of 2040?
4
What is the units digit of 542?
2
What is the units digit of 43219?
9
What is the thousands digit of 1251?
1
What is the hundred thousands digit of 175472?
1
What is the ten thousands digit of 12557?
1
What is the units digit of 592?
2
What is the hundreds digit of 1272?
2
What is the units digit of 4589?
9
What is the units